{"id":24,"date":"2025-03-02T14:19:14","date_gmt":"2025-03-02T13:19:14","guid":{"rendered":"https:\/\/aump.org\/?page_id=24"},"modified":"2025-03-26T11:21:15","modified_gmt":"2025-03-26T10:21:15","slug":"infos-officielles","status":"publish","type":"page","link":"https:\/\/aump.org\/?page_id=24","title":{"rendered":"Infos officielles"},"content":{"rendered":"\n<h2 class=\"wp-block-heading alignwide\" id=\"we-re-a-studio-in-berlin-with-an-international-practice-in-architecture-urban-planning-and-interior-design-we-believe-in-sharing-knowledge-and-promoting-dialogue-to-increase-the-creative-potential-of-collaboration\" style=\"font-size:clamp(20px, 1.25rem + ((1vw - 3.2px) * 1.25), 32px);line-height:1.1\"><strong>Division 240 : de nouvelles pr\u00e9cisions concernant le mat\u00e9riel d\u2019armement et de s\u00e9curit\u00e9 obligatoire \u00e0 bord<\/strong><\/h2>\n\n\n\n<div style=\"height:24px\" aria-hidden=\"true\" class=\"wp-block-spacer\"><\/div>\n\n\n\n<p>Un arr\u00eat\u00e9 du 11 octobre 2024 modifie celui du 23 novembre 1987 relatif \u00e0 la s\u00e9curit\u00e9 des navires et la pr\u00e9vention de la pollution. Il clarifie la division 240 et simplifie la division 244. La division 240 sp\u00e9cifie des r\u00e8gles pour les usagers concernant, par exemple, le port du coupe-circuit, l\u2019\u00e9quipement de flottabilit\u00e9, et le compas magn\u00e9tique. Ces \u00e9volutions sont applicables d\u00e8s maintenant.<\/p>\n\n\n\n<div style=\"height:24px\" aria-hidden=\"true\" class=\"wp-block-spacer\"><\/div>\n\n\n\n<p>Cet arr\u00eat\u00e9, publi\u00e9 le 30 octobre 2024, pr\u00e9cise les r\u00e8gles de s\u00e9curit\u00e9 pour la navigation de plaisance en mer sur des embarcations de moins de 24 m\u00e8tres.<\/p>\n\n\n\n<div style=\"height:24px\" aria-hidden=\"true\" class=\"wp-block-spacer\"><\/div>\n\n\n\n<p>Le contenu non exhaustif des informations relatives \u00e0 la division 240 est accessible sur la page suivante: <\/p>\n\n\n\n<p class=\"has-large-font-size\"><a href=\"https:\/\/mer.gouv.fr\/division-240-de-nouvelles-precisions-concernant-le-materiel-darmement-et-de-securite-obligatoire\">https:\/\/mer.gouv.fr\/division-240-de-nouvelles-precisions-concernant-le-materiel-darmement-et-de-securite-obligatoire<\/a><\/p>\n\n\n\n<div style=\"height:69px\" aria-hidden=\"true\" class=\"wp-block-spacer\"><\/div>\n\n\n\n<h2 class=\"wp-block-heading alignwide\" id=\"we-re-a-studio-in-berlin-with-an-international-practice-in-architecture-urban-planning-and-interior-design-we-believe-in-sharing-knowledge-and-promoting-dialogue-to-increase-the-creative-potential-of-collaboration\" style=\"font-size:clamp(20px, 1.25rem + ((1vw - 3.2px) * 1.25), 32px);line-height:1.1\"><strong>ETA\u00a0: Electronique Travel Autorisation  \u00e0 compter du 2 Avril 2025<\/strong><\/h2>\n\n\n\n<div style=\"height:24px\" aria-hidden=\"true\" class=\"wp-block-spacer\"><\/div>\n\n\n\n<p>Navigation vers le Royaume uni et les \u00eeles Anglos-Normandes.<\/p>\n\n\n\n<div style=\"height:16px\" aria-hidden=\"true\" class=\"wp-block-spacer\"><\/div>\n\n\n\n<p>L\u2019\u00e9tablissement d\u2019un ETA valide est n\u00e9cessaire avant de p\u00e9n\u00e9trer dans les eaux britanniques, \u00e0 d\u00e9faut le d\u00e9barquement des passagers peut-\u00eatre refus\u00e9.<\/p>\n\n\n\n<p>Il est important de se rapprocher des sites officiels &#8220;France Diplomatie&#8221; notamment<\/p>\n\n\n\n<div style=\"height:16px\" aria-hidden=\"true\" class=\"wp-block-spacer\"><\/div>\n\n\n\n<p>Ainsi que sur le site GOV.UK pour conna\u00eetre la marche \u00e0 suivre et les formalit\u00e9s \u00e0 effectuer en temps utile. <\/p>\n\n\n\n<p>A ce jour les informations concernant les Anglos Normandes ne sont pas formellement document\u00e9es.<\/p>\n\n\n\n<p>Ce qui est s\u00fbr c&#8217;est que \u00e0 partir du 2 Avril, pour les cittoyens fran\u00e7ais la carte d&#8217;identit\u00e9 ne suffit plus et le  passeport devient obligatoire. <\/p>\n\n\n\n<p>Document mis \u00e0 jour le 26 Mars 2025<\/p>\n","protected":false},"excerpt":{"rendered":"<p>Division 240 : de nouvelles pr\u00e9cisions concernant le mat\u00e9riel d\u2019armement et de s\u00e9curit\u00e9 obligatoire \u00e0 bord Un arr\u00eat\u00e9 du 11 octobre 2024 modifie celui du 23 novembre 1987 relatif \u00e0 la s\u00e9curit\u00e9 des navires et la pr\u00e9vention de la pollution. Il clarifie la division 240 et simplifie la division 244. La division 240 sp\u00e9cifie des [&hellip;]<\/p>\n","protected":false},"author":1,"featured_media":0,"parent":0,"menu_order":0,"comment_status":"closed","ping_status":"closed","template":"","meta":{"footnotes":""},"class_list":["post-24","page","type-page","status-publish","hentry"],"_links":{"self":[{"href":"https:\/\/aump.org\/index.php?rest_route=\/wp\/v2\/pages\/24","targetHints":{"allow":["GET"]}}],"collection":[{"href":"https:\/\/aump.org\/index.php?rest_route=\/wp\/v2\/pages"}],"about":[{"href":"https:\/\/aump.org\/index.php?rest_route=\/wp\/v2\/types\/page"}],"author":[{"embeddable":true,"href":"https:\/\/aump.org\/index.php?rest_route=\/wp\/v2\/users\/1"}],"replies":[{"embeddable":true,"href":"https:\/\/aump.org\/index.php?rest_route=%2Fwp%2Fv2%2Fcomments&post=24"}],"version-history":[{"count":7,"href":"https:\/\/aump.org\/index.php?rest_route=\/wp\/v2\/pages\/24\/revisions"}],"predecessor-version":[{"id":154,"href":"https:\/\/aump.org\/index.php?rest_route=\/wp\/v2\/pages\/24\/revisions\/154"}],"wp:attachment":[{"href":"https:\/\/aump.org\/index.php?rest_route=%2Fwp%2Fv2%2Fmedia&parent=24"}],"curies":[{"name":"wp","href":"https:\/\/api.w.org\/{rel}","templated":true}]}}