{"id":25,"date":"2025-03-02T14:19:13","date_gmt":"2025-03-02T13:19:13","guid":{"rendered":"https:\/\/aump.org\/?page_id=25"},"modified":"2026-02-12T22:34:01","modified_gmt":"2026-02-12T21:34:01","slug":"agenda-a-venir-sur-nos-rivages","status":"publish","type":"page","link":"https:\/\/aump.org\/?page_id=25","title":{"rendered":"Agenda, \u00e0 venir sur nos rivages"},"content":{"rendered":"\n<p>Pe<strong>rmanence des \u00e9lus de l&#8217;Aump ouverte \u00e0 tous <\/strong>\u00e0 la maison  du passeur en Quelmer<\/p>\n\n\n\n<p>Date : 16 mai 2026 de 10h \u00e0 12h<\/p>\n\n\n\n<p><\/p>\n\n\n\n<p>Ramassage des d\u00e9chets organis\u00e9e par le comit\u00e9 de quartier <\/p>\n\n\n\n<p>Date : \u00e0 venir \ud83d\ude42<\/p>\n\n\n\n<p><\/p>\n\n\n\n<p>Sortie annuelle<\/p>\n\n\n\n<p>Date: 4 juillet 2026<\/p>\n\n\n\n<p><\/p>\n","protected":false},"excerpt":{"rendered":"<p>Permanence des \u00e9lus de l&#8217;Aump ouverte \u00e0 tous \u00e0 la maison du passeur en Quelmer Date : 16 mai 2026 de 10h \u00e0 12h Ramassage des d\u00e9chets organis\u00e9e par le comit\u00e9 de quartier Date : \u00e0 venir \ud83d\ude42 Sortie annuelle Date: 4 juillet 2026<\/p>\n","protected":false},"author":1,"featured_media":0,"parent":0,"menu_order":0,"comment_status":"closed","ping_status":"closed","template":"","meta":{"footnotes":""},"class_list":["post-25","page","type-page","status-publish","hentry"],"_links":{"self":[{"href":"https:\/\/aump.org\/index.php?rest_route=\/wp\/v2\/pages\/25","targetHints":{"allow":["GET"]}}],"collection":[{"href":"https:\/\/aump.org\/index.php?rest_route=\/wp\/v2\/pages"}],"about":[{"href":"https:\/\/aump.org\/index.php?rest_route=\/wp\/v2\/types\/page"}],"author":[{"embeddable":true,"href":"https:\/\/aump.org\/index.php?rest_route=\/wp\/v2\/users\/1"}],"replies":[{"embeddable":true,"href":"https:\/\/aump.org\/index.php?rest_route=%2Fwp%2Fv2%2Fcomments&post=25"}],"version-history":[{"count":8,"href":"https:\/\/aump.org\/index.php?rest_route=\/wp\/v2\/pages\/25\/revisions"}],"predecessor-version":[{"id":184,"href":"https:\/\/aump.org\/index.php?rest_route=\/wp\/v2\/pages\/25\/revisions\/184"}],"wp:attachment":[{"href":"https:\/\/aump.org\/index.php?rest_route=%2Fwp%2Fv2%2Fmedia&parent=25"}],"curies":[{"name":"wp","href":"https:\/\/api.w.org\/{rel}","templated":true}]}}